{"id":127,"date":"2014-01-23T08:02:11","date_gmt":"2014-01-23T06:02:11","guid":{"rendered":"http:\/\/www.rcd510.de\/?page_id=127"},"modified":"2024-03-27T08:07:39","modified_gmt":"2024-03-27T06:07:39","slug":"media-in","status":"publish","type":"page","link":"https:\/\/www.rcd510.de\/?page_id=127","title":{"rendered":"Media-In"},"content":{"rendered":"<p><em>Mit Hilfe der Multimediabuchse MEDIA-IN k\u00f6nnen Sie Ihre Musiksammlung auch \u00fcber das Radio oder das Radio-Navigationssystem in Ihrem Volkswagen h\u00f6ren: \u00dcber die Multimediabuchse MEDIA-IN k\u00f6nnen MP3-Player mit USB-Zertifizierung und externe Datenspeicher angeschlossen werden. Auf dem Display des Radios oder Radio-Navigationssystems werden dann die Folder, Playlists und Titel angezeigt und k\u00f6nnen per Touchscreen ausgew\u00e4hlt werden.<\/em> (Text von Volkswagen.de)<\/p>\n<p>Media-In nachr\u00fcsten ist bei allen Ger\u00e4ten der Serien RCD 310, RNS 315, RNS 510 sowie RCD 510 (Ausnahme mit Index AA\/AB) m\u00f6glich.<\/p>\n<p>Beim Nachr\u00fcsten eines Media-In sollte man sich im Vorfeld Gedanken dar\u00fcber machen, ob man es in der Mittelkonsole unter der Mittelarmlehne verbauen m\u00f6chte oder im Handschuhfach. (Bei der Mittelarmlehne ist dies nur m\u00f6glich, wenn diese 2 Kammern besitzt). Die originale Nachr\u00fcstversion von VW (Teilenummer 5N0 057 342) sieht vor, dass man das Steuerger\u00e4t im Freiraum hinter dem Radio verstaut und das (mitgelieferte) verl\u00e4ngerte Anschlusskabel (Teilenummer 000 051 447) entweder im Handschuhfach herausf\u00fchrt oder, falls vorhanden, im Ablagefach unter dem Radio.<\/p>\n<p>Bei den folgenden Teilenummern gibt es verschiedene Endungen in Form von Buchstaben, welche unter anderem auf unterschiedliche Verbauorte, Fahrzeuge und Revisionen zur\u00fcckzuf\u00fchren sind. Diese haben aber alle die selben Funktionen und k\u00f6nnen ohne Probleme bei jeder Media-In Nachr\u00fcstung verwendet werden. Wer keinen original Volkswagen Nachr\u00fcstsatz kauft, muss noch ein Kabel zur Einbindung erwerben. Hier wird empfohlen, ein Plug&amp;Play-Kabelsatz aus dem Zubeh\u00f6r zu erwerben. Dieser wird einfach zwischen Radio und Steuerger\u00e4t eingef\u00fcgt. Wer bisher Aux-In hatte und darauf nicht verzichten m\u00f6chte, muss darauf achten, dass der Kabelsatz den alten AUX-In durchschleift. Das bedeutet, sobald kein Stecker im Media-In steckt, wird der alte AUX-In wieder aktiviert. Alternativ kann man sich auch das Anschlusskabel 000 051 446 D mit Klinkenstecker besorgen.<\/p>\n<p>Teilenummern:<\/p>\n<p>Cover des Steuerger\u00e4tes f\u00fcr die Mittelarmlehne\/Handschuhfach:<br \/>\n5N0 057 341 \/ A B C D E F G H I<\/p>\n<p>Steuerger\u00e4t + Kabelsatz von VW:<br \/>\n5N0 057 342<\/p>\n<p>Hierbei ist ein wenig technisches Geschick gefragt, da der Kabelsatz erst noch auf die originalen Stecker vom Radio aufgepinnt werden muss. Eine gute, bebilderte Anleitung liegt aber bei.<\/p>\n<p>Steuerger\u00e4t:<br \/>\n5N0 035 342 \/ A B C D E F G<\/p>\n<p>Teilenummern f\u00fcr Zubeh\u00f6r:<\/p>\n<p>000 051 446 A Mini-USB-Adapter<\/p>\n<p>000 051 446 B USB-Adapter<\/p>\n<p>000 051 446 C Apple MDI Kabel (Alle iPod und iPhone ausgenommen Shuffle, iPhone 5, 5S , 5C, iPod Touch 5G)<\/p>\n<p>000 051 446 D AUX-IN Adapter (3,5 mm Klinke)<\/p>\n<p>000 051 446 L Adapter f\u00fcr Multimediabuchse Media-IN auf iPod, verl\u00e4ngerte Version 25cm<\/p>\n<p>000 051 446 Q Adapter f\u00fcr Multimediabuchse Media-IN auf Apple Lightning Connector<\/p>\n<p>000 051 447\u00a0 Verl\u00e4ngerungskabel<\/p>\n<div id='gallery-1' class='gallery galleryid-127 gallery-columns-3 gallery-size-colornews-featured-image'><figure class='gallery-item'>\n\t\t\t<div class='gallery-icon landscape'>\n\t\t\t\t<a href='https:\/\/www.rcd510.de\/?attachment_id=129'><img loading=\"lazy\" decoding=\"async\" width=\"710\" height=\"400\" src=\"https:\/\/www.rcd510.de\/wp-content\/uploads\/2014\/01\/mdi2g.jpg\" class=\"attachment-colornews-featured-image size-colornews-featured-image\" alt=\"\" aria-describedby=\"gallery-1-129\" srcset=\"https:\/\/www.rcd510.de\/wp-content\/uploads\/2014\/01\/mdi2g.jpg 1918w, https:\/\/www.rcd510.de\/wp-content\/uploads\/2014\/01\/mdi2g-300x168.jpg 300w, https:\/\/www.rcd510.de\/wp-content\/uploads\/2014\/01\/mdi2g-1024x576.jpg 1024w\" sizes=\"auto, (max-width: 710px) 100vw, 710px\" \/><\/a>\n\t\t\t<\/div>\n\t\t\t\t<figcaption class='wp-caption-text gallery-caption' id='gallery-1-129'>\n\t\t\t\tSeitenansicht Cover\n\t\t\t\t<\/figcaption><\/figure><figure class='gallery-item'>\n\t\t\t<div class='gallery-icon landscape'>\n\t\t\t\t<a href='https:\/\/www.rcd510.de\/?attachment_id=128'><img loading=\"lazy\" decoding=\"async\" width=\"710\" height=\"400\" src=\"https:\/\/www.rcd510.de\/wp-content\/uploads\/2014\/01\/mdi1g.jpg\" class=\"attachment-colornews-featured-image size-colornews-featured-image\" alt=\"\" aria-describedby=\"gallery-1-128\" srcset=\"https:\/\/www.rcd510.de\/wp-content\/uploads\/2014\/01\/mdi1g.jpg 1918w, https:\/\/www.rcd510.de\/wp-content\/uploads\/2014\/01\/mdi1g-300x168.jpg 300w, https:\/\/www.rcd510.de\/wp-content\/uploads\/2014\/01\/mdi1g-1024x576.jpg 1024w\" sizes=\"auto, (max-width: 710px) 100vw, 710px\" \/><\/a>\n\t\t\t<\/div>\n\t\t\t\t<figcaption class='wp-caption-text gallery-caption' id='gallery-1-128'>\n\t\t\t\tAnsicht Interface inkl. Steuerger\u00e4t\n\t\t\t\t<\/figcaption><\/figure><figure class='gallery-item'>\n\t\t\t<div class='gallery-icon landscape'>\n\t\t\t\t<a href='https:\/\/www.rcd510.de\/?attachment_id=132'><img loading=\"lazy\" decoding=\"async\" width=\"710\" height=\"400\" src=\"https:\/\/www.rcd510.de\/wp-content\/uploads\/2014\/01\/1g.jpg\" class=\"attachment-colornews-featured-image size-colornews-featured-image\" alt=\"\" aria-describedby=\"gallery-1-132\" srcset=\"https:\/\/www.rcd510.de\/wp-content\/uploads\/2014\/01\/1g.jpg 1364w, https:\/\/www.rcd510.de\/wp-content\/uploads\/2014\/01\/1g-300x168.jpg 300w, https:\/\/www.rcd510.de\/wp-content\/uploads\/2014\/01\/1g-1024x576.jpg 1024w\" sizes=\"auto, (max-width: 710px) 100vw, 710px\" \/><\/a>\n\t\t\t<\/div>\n\t\t\t\t<figcaption class='wp-caption-text gallery-caption' id='gallery-1-132'>\n\t\t\t\tBild vom Steuerger\u00e4t, Verl\u00e4ngerungskabel und Plug&#038;Play-Kabel aus dem Zubeh\u00f6r\n\t\t\t\t<\/figcaption><\/figure>\n\t\t<\/div>\n\n<p>Bei allen Varianten muss nach dem Einbau das Steuerger\u00e4t noch im Fahrzeug-CAN angebunden werden. Dieses kann in der VW-Werkstatt erfolgen oder bei jemandem mit dem Ross-Tech VCDS Interface.<\/p>\n<hr \/>\n<p>Werbung:<\/p>\n<tr>\r\n\t<td style=\"text-align:center\">%smallimage%<\/td>\r\n\t<td><a %link%>%short_title%%mark%<\/a><br \/> <a %reviewslink%><div class=\"atkp-rating\">%star_rating%<\/div><\/a><\/td>\r\n\t<td><b>%price%<\/b><br \/> %prime_icon%<\/td>\r\n\t<td><a %link% class=\"atkp-button\">%linktext%%mark%<\/a><\/td>\r\n<\/tr>\n<hr \/>\n<p>&nbsp;<\/p>\n","protected":false},"excerpt":{"rendered":"<p>Mit Hilfe der Multimediabuchse MEDIA-IN k\u00f6nnen Sie Ihre Musiksammlung auch \u00fcber das Radio oder das Radio-Navigationssystem in Ihrem Volkswagen h\u00f6ren: \u00dcber die Multimediabuchse MEDIA-IN<\/p>\n","protected":false},"author":1,"featured_media":0,"parent":0,"menu_order":0,"comment_status":"closed","ping_status":"open","template":"","meta":{"footnotes":""},"class_list":["post-127","page","type-page","status-publish","hentry"],"_links":{"self":[{"href":"https:\/\/www.rcd510.de\/index.php?rest_route=\/wp\/v2\/pages\/127","targetHints":{"allow":["GET"]}}],"collection":[{"href":"https:\/\/www.rcd510.de\/index.php?rest_route=\/wp\/v2\/pages"}],"about":[{"href":"https:\/\/www.rcd510.de\/index.php?rest_route=\/wp\/v2\/types\/page"}],"author":[{"embeddable":true,"href":"https:\/\/www.rcd510.de\/index.php?rest_route=\/wp\/v2\/users\/1"}],"replies":[{"embeddable":true,"href":"https:\/\/www.rcd510.de\/index.php?rest_route=%2Fwp%2Fv2%2Fcomments&post=127"}],"version-history":[{"count":9,"href":"https:\/\/www.rcd510.de\/index.php?rest_route=\/wp\/v2\/pages\/127\/revisions"}],"predecessor-version":[{"id":502,"href":"https:\/\/www.rcd510.de\/index.php?rest_route=\/wp\/v2\/pages\/127\/revisions\/502"}],"wp:attachment":[{"href":"https:\/\/www.rcd510.de\/index.php?rest_route=%2Fwp%2Fv2%2Fmedia&parent=127"}],"curies":[{"name":"wp","href":"https:\/\/api.w.org\/{rel}","templated":true}]}}