{"id":142,"date":"2014-01-27T08:37:01","date_gmt":"2014-01-27T06:37:01","guid":{"rendered":"http:\/\/www.rcd510.de\/?page_id=142"},"modified":"2024-03-27T08:06:47","modified_gmt":"2024-03-27T06:06:47","slug":"freisprecheinrichtung","status":"publish","type":"page","link":"https:\/\/www.rcd510.de\/?page_id=142","title":{"rendered":"Freisprecheinrichtung"},"content":{"rendered":"<p>Folgende Info zur Nachr\u00fcstung der Freisprecheinrichtung habe ich von Max Bibow erhalten. Vielen Dank daf\u00fcr:<\/p>\n<p>Bei VW werden zwei verschiedenen Freisprecheinrichtungen angeboten, welche sich in folgenden Punkten unterscheiden:<\/p>\n<p><strong>Mobiltelefonvorbereitung &#8222;Plus&#8220;<\/strong><br \/>\n&#8211; Au\u00dfenantennenanbindung \u00fcber Mobiltelefon-Ladeschale *<br \/>\n&#8211; Bedienung und Anzeige \u00fcber Multifunktionsanzeige &#8222;Plus&#8220;<br \/>\n&#8211; drahtlose Kommunikationsschnittstelle BLUETOOTH AUDIO (ausschlie\u00dflich kompatibel mit advanced audio distribution profile A2DP) (nicht in Verbindung mit RCD 210) \u00a0\u00a0\u00a0 \u00a0\u00a0\u00a0 \u00a0\u00a0\u00a0 \u00a0\u00a0 &#8211; Freisprecheinrichtung<br \/>\n&#8211; f\u00fcr Mobiltelefone mit Bluetooth-Schnittstelle (hands free profile 1.5) und GSM 900\/1800 MHz<br \/>\n&#8211; Halterung f\u00fcr Mobiltelefon-Ladeschale *<br \/>\n&#8211; Sprachbedienung<\/p>\n<p><strong>Mobiltelefonvorbereitung &#8222;Premium&#8220;<\/strong><br \/>\n&#8211; Bedienung und Anzeige \u00fcber Multifunktionsanzeige &#8222;Plus&#8220;<br \/>\n&#8211; drahtlose Kommunikationsschnittstelle BLUETOOTH AUDIO (ausschlie\u00dflich kompatibel mit advanced audio distribution profile A2DP) (nicht in Verbindung mit RCD 210)<br \/>\n&#8211; fahrzeugeigenes GSM-\/UMTS-Sende-\/Empfangsteil<br \/>\n&#8211; Freisprecheinrichtung<br \/>\n&#8211; f\u00fcr Mobiltelefone mit Bluetooth-Schnittstelle (hands free profile 1.5) und GSM 900\/1800 MHZ<br \/>\n&#8211; Komfortbedienung \u00fcber das Multifunktionslenkrad<br \/>\n&#8211; Sprachbedienung<br \/>\n&#8211; zus\u00e4tzliche Bluetooth-Schnittstelle mit remote SIM Access Profile (rSAP)*<\/p>\n<p>Teilenummern und deren Unterschiede:<\/p>\n<p>7P6 035 730 B C D E F J K<br \/>\nBluetooth FSE Plus<br \/>\n(Damit die Freisprecheinrichtung (FSE) funktioniert, wird keine Multifunktionsanzeige (MFA+) oder kein Multifunktionslenkrad (MFL) ben\u00f6tigt. Die Bluetooth-Anmeldung erfolgt \u00fcber das Handy. Lediglich die Premiumanzeige erfolgt \u00fcber MFA+ (wei\u00dfe Anzeige ) oder MFA Premium (Farbdisplay)<\/p>\n<p>3C8 035 730 A B C D(mit WLAN)<br \/>\nBluetooth FSE Premium \/ Plus<br \/>\n(Damit die Freisprecheinrichtung (FSE) funktioniert, wird ein MFL und die Multifunktionsanzeige (MFA+) in weiss oder farbig (Premium) ben\u00f6tigt.Die Bluetoothanmeldung erfolgt nur \u00fcber die MFA)<\/p>\n<p>Es gibt sehr viele unterschiedliche Teilenummern f\u00fcr die Steuerger\u00e4te der FSE Plus und Premium. Da VW sehr h\u00e4ufig die Bezeichnungen der Ger\u00e4te aufgrund von Fahrzeugwechsel, neues Herstellungsdatum von Fahrzeugen (z.B. KW22\/10) sowie bei\u00a0 Aktualisierungen der Funktionen \u00e4ndert, habe ich mich f\u00fcr die o.g. zwei Nummern entschieden die sich gut unterscheiden lassen und noch auf dem aktuellen Stand der Dinge sind.<\/p>\n<p>Weiteres Zubeh\u00f6r:<br \/>\n3B0 035 711 B Nachr\u00fcstsatz Mikrofon original VW<\/p>\n<p>Wie bei vielen Nachr\u00fcstungen wird empfohlen, ein Plug&amp;Play-Satz aus dem Zubeh\u00f6r zu erwerben, da dieser alle ben\u00f6tigten Teile beinhaltet und sich i.d.R. ein aktuellen FSE Steuerger\u00e4t im Lieferumfang befindet.<\/p>\n<hr \/>\n<p>Werbung<\/p>\n<div class=\"atkp-container atkp-grid_3_columns-box  atkp-template-grid_3_columns\">\n            <div class=\"atkp-clearfix atkp-box-3-cols \">\n                            <div class=\"atkp-box atkp-smallbox atkp-box-3-cols-item atkp-clearfix \">\n                    <div class=\"atkp-thumb\">\n                                                    <img decoding=\"async\" class=\"atkp-image\" src=\"https:\/\/i.ebayimg.com\/images\/g\/bwEAAOSwNlZia9gh\/s-l225.jpg\"\n                                 alt=\"Bluetooth Freisprechen VW RCD RNS 200 210 300 310 MFD2 Passat B6 Golf 5 6 Tiguan\"\/>\n                                            <\/div>\n                    <div class=\"atkp-content\">\n                                                    <a class=\"atkp-title\" href=\"https:\/\/www.ebay.de\/itm\/263618592632?_skw=VW+FSE+Premium&hash=item3d60e47f78%3Ag%3AbwEAAOSwNlZia9gh&mkevt=1&mkcid=1&mkrid=707-53477-19255-0&campid=5338228915&customid=&toolid=10049\" rel=\"sponsored nofollow noopener\" target=\"_blank\"  title=\"Jetzt kaufen bei eBay\">Bluetooth Freisprechen VW RCD RNS 200 210 300 310 MFD2 Passat B6 Golf 5 6 Tiguan*<\/a>\n                                                <div class=\"atkp-author\"><\/div>\n                    <\/div>\n                    <div class=\"atkp-bottom\">\n                        <div class=\"atkp-ratingbar\">\n                                                            <div class=\"atkp-rating\"><span class=\"atkp-star atkp-star-0 atkp-star-00\" title=\"0.00 von 5 Sternen\"><\/span><\/div>\n                                                        <div class=\"atkp-primelogo\"><\/div>\n                            <div class=\"atkp-clearfix\"><\/div>\n                        <\/div>\n                                                    <span class=\"atkp-price atkp-saleprice\">\n                                Preis: &euro; 46,90\n                                                                    <span class=\"atkp_price atkp-baseprice\"><\/span>\n                                                            <\/span>\n                                                                            <a href=\"https:\/\/www.ebay.de\/itm\/263618592632?_skw=VW+FSE+Premium&hash=item3d60e47f78%3Ag%3AbwEAAOSwNlZia9gh&mkevt=1&mkcid=1&mkrid=707-53477-19255-0&campid=5338228915&customid=&toolid=10049\" rel=\"sponsored nofollow noopener\" target=\"_blank\"  title=\"Jetzt kaufen bei eBay\" class=\"atkp-button\">Jetzt kaufen bei eBay!*<\/a>\n                        \n                        \n                                                    <span class=\"atkp-priceinfo\">Preis inkl. MwSt., zzgl. Versandkosten<\/span>\n                                                                            <div class=\"atkp-shoplogo\">eBay<\/div>\n                                            <\/div>\n                <\/div>\n                            <div class=\"atkp-box atkp-smallbox atkp-box-3-cols-item atkp-clearfix \">\n                    <div class=\"atkp-thumb\">\n                                                    <img decoding=\"async\" class=\"atkp-image\" src=\"https:\/\/i.ebayimg.com\/images\/g\/5nUAAOSwpj1ia9jZ\/s-l225.jpg\"\n                                 alt=\"Bluetooth Freisprechanlage Adapter VW Golf 4 Passat B5 3BG Gamma Premium MCD MFD\"\/>\n                                            <\/div>\n                    <div class=\"atkp-content\">\n                                                    <a class=\"atkp-title\" href=\"https:\/\/www.ebay.de\/itm\/253573336770?_skw=VW+FSE+Premium&hash=item3b0a260ec2%3Ag%3A5nUAAOSwpj1ia9jZ&amdata=enc%3AAQALAAAA8ACCtXRWQnOEpyOqnQQ8KGYijY%2BQ6usnwJvOtXYwdDFIuIbxJ4FBpCwOiT%2FQKs79tXrPWHcG72Zlk8b%2ByhrIsqIS90kzEzdzNYsG0Yba4C8vXFPk7AAnW%2BcE9IBRmN6wwf840RPeK2pQYiJzpCfrZzea1xvy9fAumCNmEvo10Sp3PN5TS3rqrYFpKsN2kl6bFMRi%2FiRO2UGOk2973rDZp%2FUE9eE3NML%2Fkhb%2FvYw7PcubUVanr%2BdxileQjqO25l%2BtHm0EnwlMlIatpH%2F%2BPBL1DPKqQvh5zhoA7GMCijq43yShBPKTalJnibNhWYPt0JPFZQ%3D%3D&mkevt=1&mkcid=1&mkrid=707-53477-19255-0&campid=5338228915&customid=&toolid=10049\" rel=\"sponsored nofollow noopener\" target=\"_blank\"  title=\"Jetzt kaufen bei eBay\">Bluetooth Freisprechanlage Adapter VW Golf 4 Passat B5 3BG Gamma Premium MCD MFD*<\/a>\n                                                <div class=\"atkp-author\"><\/div>\n                    <\/div>\n                    <div class=\"atkp-bottom\">\n                        <div class=\"atkp-ratingbar\">\n                                                            <div class=\"atkp-rating\"><span class=\"atkp-star atkp-star-0 atkp-star-00\" title=\"0.00 von 5 Sternen\"><\/span><\/div>\n                                                        <div class=\"atkp-primelogo\"><\/div>\n                            <div class=\"atkp-clearfix\"><\/div>\n                        <\/div>\n                                                    <span class=\"atkp-price atkp-saleprice\">\n                                Preis: &euro; 46,90\n                                                                    <span class=\"atkp_price atkp-baseprice\"><\/span>\n                                                            <\/span>\n                                                                            <a href=\"https:\/\/www.ebay.de\/itm\/253573336770?_skw=VW+FSE+Premium&hash=item3b0a260ec2%3Ag%3A5nUAAOSwpj1ia9jZ&amdata=enc%3AAQALAAAA8ACCtXRWQnOEpyOqnQQ8KGYijY%2BQ6usnwJvOtXYwdDFIuIbxJ4FBpCwOiT%2FQKs79tXrPWHcG72Zlk8b%2ByhrIsqIS90kzEzdzNYsG0Yba4C8vXFPk7AAnW%2BcE9IBRmN6wwf840RPeK2pQYiJzpCfrZzea1xvy9fAumCNmEvo10Sp3PN5TS3rqrYFpKsN2kl6bFMRi%2FiRO2UGOk2973rDZp%2FUE9eE3NML%2Fkhb%2FvYw7PcubUVanr%2BdxileQjqO25l%2BtHm0EnwlMlIatpH%2F%2BPBL1DPKqQvh5zhoA7GMCijq43yShBPKTalJnibNhWYPt0JPFZQ%3D%3D&mkevt=1&mkcid=1&mkrid=707-53477-19255-0&campid=5338228915&customid=&toolid=10049\" rel=\"sponsored nofollow noopener\" target=\"_blank\"  title=\"Jetzt kaufen bei eBay\" class=\"atkp-button\">Jetzt kaufen bei eBay!*<\/a>\n                        \n                        \n                                                    <span class=\"atkp-priceinfo\">Preis inkl. MwSt., zzgl. Versandkosten<\/span>\n                                                                            <div class=\"atkp-shoplogo\">eBay<\/div>\n                                            <\/div>\n                <\/div>\n                            <div class=\"atkp-box atkp-smallbox atkp-box-3-cols-item atkp-clearfix \">\n                    <div class=\"atkp-thumb\">\n                                                    <img decoding=\"async\" class=\"atkp-image\" src=\"https:\/\/i.ebayimg.com\/images\/g\/D2QAAOSwtjBd0AyK\/s-l225.jpg\"\n                                 alt=\"F&uuml;r VW FSE Premium High Original Kufatec A2DP Audio Leitung Kabel Adapter\"\/>\n                                            <\/div>\n                    <div class=\"atkp-content\">\n                                                    <a class=\"atkp-title\" href=\"https:\/\/www.ebay.de\/itm\/264535349767?_skw=VW+FSE+Premium&hash=item3d97891a07%3Ag%3AD2QAAOSwtjBd0AyK&amdata=enc%3AAQALAAAA8ACCtXRWQnOEpyOqnQQ8KGZwKxdajOyq0AmYmpT%2FyILPmBuy%2Fm%2BT%2BnJh9jQ2ivW38TlYia0F9Dco6RQbBF7CIhWT4xIriu6knuLbZd4Sjlp%2FgDF9QpgM5o1t8nIe6%2FWhyoB2f3dPRIv3Oggh4oUeY57BwH6NVttH6E0em%2FJ6n0IB1vCbHHWgg6PlgEqwUiNzWZf78MeOKWeMA23X%2BESUxAIbyosp9AmBRGO5QtW7tqzDcaoFgzTE2%2BztcXNdFP48ZJoKBeEAgHoQ1f4WIm0A296ynCxz%2Bf%2FR%2FJ4Oj8uW5c5oW44MdEnT5WhOrPG4Ptu74Q%3D%3D&mkevt=1&mkcid=1&mkrid=707-53477-19255-0&campid=5338228915&customid=&toolid=10049\" rel=\"sponsored nofollow noopener\" target=\"_blank\"  title=\"Jetzt kaufen bei eBay\">F&uuml;r VW FSE Premium High Original Kufatec A2DP Audio Leitung Kabel Adapter*<\/a>\n                                                <div class=\"atkp-author\"><\/div>\n                    <\/div>\n                    <div class=\"atkp-bottom\">\n                        <div class=\"atkp-ratingbar\">\n                                                            <div class=\"atkp-rating\"><span class=\"atkp-star atkp-star-0 atkp-star-00\" title=\"0.00 von 5 Sternen\"><\/span><\/div>\n                                                        <div class=\"atkp-primelogo\"><\/div>\n                            <div class=\"atkp-clearfix\"><\/div>\n                        <\/div>\n                                                    <span class=\"atkp-price atkp-saleprice\">\n                                Preis: &euro; 33,02\n                                                                    <span class=\"atkp_price atkp-baseprice\"><\/span>\n                                                            <\/span>\n                                                                            <a href=\"https:\/\/www.ebay.de\/itm\/264535349767?_skw=VW+FSE+Premium&hash=item3d97891a07%3Ag%3AD2QAAOSwtjBd0AyK&amdata=enc%3AAQALAAAA8ACCtXRWQnOEpyOqnQQ8KGZwKxdajOyq0AmYmpT%2FyILPmBuy%2Fm%2BT%2BnJh9jQ2ivW38TlYia0F9Dco6RQbBF7CIhWT4xIriu6knuLbZd4Sjlp%2FgDF9QpgM5o1t8nIe6%2FWhyoB2f3dPRIv3Oggh4oUeY57BwH6NVttH6E0em%2FJ6n0IB1vCbHHWgg6PlgEqwUiNzWZf78MeOKWeMA23X%2BESUxAIbyosp9AmBRGO5QtW7tqzDcaoFgzTE2%2BztcXNdFP48ZJoKBeEAgHoQ1f4WIm0A296ynCxz%2Bf%2FR%2FJ4Oj8uW5c5oW44MdEnT5WhOrPG4Ptu74Q%3D%3D&mkevt=1&mkcid=1&mkrid=707-53477-19255-0&campid=5338228915&customid=&toolid=10049\" rel=\"sponsored nofollow noopener\" target=\"_blank\"  title=\"Jetzt kaufen bei eBay\" class=\"atkp-button\">Jetzt kaufen bei eBay!*<\/a>\n                        \n                        \n                                                    <span class=\"atkp-priceinfo\">Preis inkl. MwSt., zzgl. Versandkosten<\/span>\n                                                                            <div class=\"atkp-shoplogo\">eBay<\/div>\n                                            <\/div>\n                <\/div>\n                            <div class=\"atkp-box atkp-smallbox atkp-box-3-cols-item atkp-clearfix \">\n                    <div class=\"atkp-thumb\">\n                                                    <img decoding=\"async\" class=\"atkp-image\" src=\"https:\/\/i.ebayimg.com\/images\/g\/QHkAAOSwFc9ia9jX\/s-l225.jpg\"\n                                 alt=\"Bluetooth Freisprechanlage Adapter SKODA SEAT Alhambra Arosa Cordoba Leon Superb\"\/>\n                                            <\/div>\n                    <div class=\"atkp-content\">\n                                                    <a class=\"atkp-title\" href=\"https:\/\/www.ebay.de\/itm\/264260081676?_skw=VW+FSE+Premium&hash=item3d8720d80c%3Ag%3AQHkAAOSwFc9ia9jX&amdata=enc%3AAQALAAAA8ACCtXRWQnOEpyOqnQQ8KGbTKiul6PFedmp8%2BZ1tpD4LYHdEYo1F0vU%2FF1LVdYey1F7To3yYg1pchUyW0uvdK4prkwWSX4jBGrmywRDt9TBQmAdo0B1Iv0XBiXWL8%2FObFKImfIE4O1nbaUrN9Miv9UZ%2Bg9AQ6vTGLO0psFA5jl7P7G6S0QktH6ck2Y0VUwZCMQC%2Fr893EDlhzjBVgflDS%2FhPDmfMRuLRqAnIT6St%2F2Z9QOlGmDgdcd%2FGQVi2MaYRg2USfmdd7E6Ajtmji%2BkMMuzySq0qCb6QZP40oNurQ4O5fmMCquPrKELWUkEdpg590g%3D%3D&mkevt=1&mkcid=1&mkrid=707-53477-19255-0&campid=5338228915&customid=&toolid=10049\" rel=\"sponsored nofollow noopener\" target=\"_blank\"  title=\"Jetzt kaufen bei eBay\">Bluetooth Freisprechanlage Adapter SKODA SEAT Alhambra Arosa Cordoba Leon Superb*<\/a>\n                                                <div class=\"atkp-author\"><\/div>\n                    <\/div>\n                    <div class=\"atkp-bottom\">\n                        <div class=\"atkp-ratingbar\">\n                                                            <div class=\"atkp-rating\"><span class=\"atkp-star atkp-star-0 atkp-star-00\" title=\"0.00 von 5 Sternen\"><\/span><\/div>\n                                                        <div class=\"atkp-primelogo\"><\/div>\n                            <div class=\"atkp-clearfix\"><\/div>\n                        <\/div>\n                                                    <span class=\"atkp-price atkp-saleprice\">\n                                Preis: &euro; 46,90\n                                                                    <span class=\"atkp_price atkp-baseprice\"><\/span>\n                                                            <\/span>\n                                                                            <a href=\"https:\/\/www.ebay.de\/itm\/264260081676?_skw=VW+FSE+Premium&hash=item3d8720d80c%3Ag%3AQHkAAOSwFc9ia9jX&amdata=enc%3AAQALAAAA8ACCtXRWQnOEpyOqnQQ8KGbTKiul6PFedmp8%2BZ1tpD4LYHdEYo1F0vU%2FF1LVdYey1F7To3yYg1pchUyW0uvdK4prkwWSX4jBGrmywRDt9TBQmAdo0B1Iv0XBiXWL8%2FObFKImfIE4O1nbaUrN9Miv9UZ%2Bg9AQ6vTGLO0psFA5jl7P7G6S0QktH6ck2Y0VUwZCMQC%2Fr893EDlhzjBVgflDS%2FhPDmfMRuLRqAnIT6St%2F2Z9QOlGmDgdcd%2FGQVi2MaYRg2USfmdd7E6Ajtmji%2BkMMuzySq0qCb6QZP40oNurQ4O5fmMCquPrKELWUkEdpg590g%3D%3D&mkevt=1&mkcid=1&mkrid=707-53477-19255-0&campid=5338228915&customid=&toolid=10049\" rel=\"sponsored nofollow noopener\" target=\"_blank\"  title=\"Jetzt kaufen bei eBay\" class=\"atkp-button\">Jetzt kaufen bei eBay!*<\/a>\n                        \n                        \n                                                    <span class=\"atkp-priceinfo\">Preis inkl. MwSt., zzgl. Versandkosten<\/span>\n                                                                            <div class=\"atkp-shoplogo\">eBay<\/div>\n                                            <\/div>\n                <\/div>\n                            <div class=\"atkp-box atkp-smallbox atkp-box-3-cols-item atkp-clearfix \">\n                    <div class=\"atkp-thumb\">\n                                                    <img decoding=\"async\" class=\"atkp-image\" src=\"https:\/\/i.ebayimg.com\/images\/g\/eksAAOSwpDdVFHfh\/s-l225.jpg\"\n                                 alt=\"VW Bluetooth Premium FSE rSAP SMS MFA Rot 5N0035730C Freisprecheinrichtung Set\"\/>\n                                            <\/div>\n                    <div class=\"atkp-content\">\n                                                    <a class=\"atkp-title\" href=\"https:\/\/www.ebay.de\/itm\/272412988265?_skw=VW+FSE+Premium&hash=item3f6d145369%3Ag%3AeksAAOSwpDdVFHfh&mkevt=1&mkcid=1&mkrid=707-53477-19255-0&campid=5338228915&customid=&toolid=10049\" rel=\"sponsored nofollow noopener\" target=\"_blank\"  title=\"Jetzt kaufen bei eBay\">VW Bluetooth Premium FSE rSAP SMS MFA Rot 5N0035730C Freisprecheinrichtung Set*<\/a>\n                                                <div class=\"atkp-author\"><\/div>\n                    <\/div>\n                    <div class=\"atkp-bottom\">\n                        <div class=\"atkp-ratingbar\">\n                                                            <div class=\"atkp-rating\"><span class=\"atkp-star atkp-star-0 atkp-star-00\" title=\"0.00 von 5 Sternen\"><\/span><\/div>\n                                                        <div class=\"atkp-primelogo\"><\/div>\n                            <div class=\"atkp-clearfix\"><\/div>\n                        <\/div>\n                                                    <span class=\"atkp-price atkp-saleprice\">\n                                Preis: &euro; 189,95\n                                                                    <span class=\"atkp_price atkp-baseprice\"><\/span>\n                                                            <\/span>\n                                                                            <a href=\"https:\/\/www.ebay.de\/itm\/272412988265?_skw=VW+FSE+Premium&hash=item3f6d145369%3Ag%3AeksAAOSwpDdVFHfh&mkevt=1&mkcid=1&mkrid=707-53477-19255-0&campid=5338228915&customid=&toolid=10049\" rel=\"sponsored nofollow noopener\" target=\"_blank\"  title=\"Jetzt kaufen bei eBay\" class=\"atkp-button\">Jetzt kaufen bei eBay!*<\/a>\n                        \n                        \n                                                    <span class=\"atkp-priceinfo\">Preis inkl. MwSt., zzgl. Versandkosten<\/span>\n                                                                            <div class=\"atkp-shoplogo\">eBay<\/div>\n                                            <\/div>\n                <\/div>\n                            <div class=\"atkp-box atkp-smallbox atkp-box-3-cols-item atkp-clearfix \">\n                    <div class=\"atkp-thumb\">\n                                                    <img decoding=\"async\" class=\"atkp-image\" src=\"https:\/\/i.ebayimg.com\/images\/g\/4wkAAeSwu6Bpnqoz\/s-l225.jpg\"\n                                 alt=\"VW Passat B6\/B7 Premium Bluetooth FSE 5K0035730F\"\/>\n                                            <\/div>\n                    <div class=\"atkp-content\">\n                                                    <a class=\"atkp-title\" href=\"https:\/\/www.ebay.de\/itm\/397646910931?_skw=VW+FSE+Premium&hash=item5c959a55d3%3Ag%3A4wkAAeSwu6Bpnqoz&mkevt=1&mkcid=1&mkrid=707-53477-19255-0&campid=5338228915&customid=&toolid=10049\" rel=\"sponsored nofollow noopener\" target=\"_blank\"  title=\"Jetzt kaufen bei eBay\">VW Passat B6\/B7 Premium Bluetooth FSE 5K0035730F*<\/a>\n                                                <div class=\"atkp-author\"><\/div>\n                    <\/div>\n                    <div class=\"atkp-bottom\">\n                        <div class=\"atkp-ratingbar\">\n                                                            <div class=\"atkp-rating\"><span class=\"atkp-star atkp-star-0 atkp-star-00\" title=\"0.00 von 5 Sternen\"><\/span><\/div>\n                                                        <div class=\"atkp-primelogo\"><\/div>\n                            <div class=\"atkp-clearfix\"><\/div>\n                        <\/div>\n                                                    <span class=\"atkp-price atkp-saleprice\">\n                                Preis: &euro; 75,00\n                                                                    <span class=\"atkp_price atkp-baseprice\"><\/span>\n                                                            <\/span>\n                                                                            <a href=\"https:\/\/www.ebay.de\/itm\/397646910931?_skw=VW+FSE+Premium&hash=item5c959a55d3%3Ag%3A4wkAAeSwu6Bpnqoz&mkevt=1&mkcid=1&mkrid=707-53477-19255-0&campid=5338228915&customid=&toolid=10049\" rel=\"sponsored nofollow noopener\" target=\"_blank\"  title=\"Jetzt kaufen bei eBay\" class=\"atkp-button\">Jetzt kaufen bei eBay!*<\/a>\n                        \n                        \n                                                    <span class=\"atkp-priceinfo\">Preis inkl. MwSt., zzgl. Versandkosten<\/span>\n                                                                            <div class=\"atkp-shoplogo\">eBay<\/div>\n                                            <\/div>\n                <\/div>\n                    <\/div>\n                    <span class=\"atkp-disclaimer\"><br>Zuletzt aktualisiert am 28. Februar 2026 um 8:09 . Wir weisen darauf hin, dass sich hier angezeigte Preise inzwischen ge\u00e4ndert haben k\u00f6nnen. Alle Angaben ohne Gew\u00e4hr.<br>Die mit * gekennzeichneten Links sind sogenannte Affiliate Links. Kommt \u00fcber einen solchen Link ein Einkauf zustande, werde ich mit einer Provision beteiligt. F\u00fcr Dich entstehen dabei keine Mehrkosten. Wo, wann und wie Du ein Produkt kaufst, bleibt nat\u00fcrlich Dir \u00fcberlassen.<\/span>\n            <\/div>\n\n<hr \/>\n<p>&nbsp;<\/p>\n","protected":false},"excerpt":{"rendered":"<p>Folgende Info zur Nachr\u00fcstung der Freisprecheinrichtung habe ich von Max Bibow erhalten. Vielen Dank daf\u00fcr: Bei VW werden zwei verschiedenen Freisprecheinrichtungen angeboten, welche sich<\/p>\n","protected":false},"author":1,"featured_media":0,"parent":0,"menu_order":0,"comment_status":"closed","ping_status":"open","template":"","meta":{"footnotes":""},"class_list":["post-142","page","type-page","status-publish","hentry"],"_links":{"self":[{"href":"https:\/\/www.rcd510.de\/index.php?rest_route=\/wp\/v2\/pages\/142","targetHints":{"allow":["GET"]}}],"collection":[{"href":"https:\/\/www.rcd510.de\/index.php?rest_route=\/wp\/v2\/pages"}],"about":[{"href":"https:\/\/www.rcd510.de\/index.php?rest_route=\/wp\/v2\/types\/page"}],"author":[{"embeddable":true,"href":"https:\/\/www.rcd510.de\/index.php?rest_route=\/wp\/v2\/users\/1"}],"replies":[{"embeddable":true,"href":"https:\/\/www.rcd510.de\/index.php?rest_route=%2Fwp%2Fv2%2Fcomments&post=142"}],"version-history":[{"count":6,"href":"https:\/\/www.rcd510.de\/index.php?rest_route=\/wp\/v2\/pages\/142\/revisions"}],"predecessor-version":[{"id":500,"href":"https:\/\/www.rcd510.de\/index.php?rest_route=\/wp\/v2\/pages\/142\/revisions\/500"}],"wp:attachment":[{"href":"https:\/\/www.rcd510.de\/index.php?rest_route=%2Fwp%2Fv2%2Fmedia&parent=142"}],"curies":[{"name":"wp","href":"https:\/\/api.w.org\/{rel}","templated":true}]}}